er when 2757 is divided by 89?
87
Calculate the remainder when 1031 is divided by 9.
5
Calculate the remainder when 5198 is divided by 34.
30
Calculate the remainder when 49 is divided by 3.
1
What is the remainder when 251 is divided by 97?
57
Calculate the remainder when 256 is divided by 43.
41
Calculate the remainder when 415 is divided by 16.
15
What is the remainder when 2535 is divided by 18?
15
What is the remainder when 96 is divided by 27?
15
What is the remainder when 177 is divided by 5?
2
What is the remainder when 458 is divided by 115?
113
What is the remainder when 432 is divided by 10?
2
Calculate the remainder when 11253 is divided by 42.
39
Calculate the remainder when 61 is divided by 36.
25
Calculate the remainder when 188 is divided by 52.
32
What is the remainder when 319 is divided by 95?
34
Calculate the remainder when 482 is divided by 220.
42
Calculate the remainder when 299 is divided by 76.
71
Calculate the remainder when 65 is divided by 26.
13
What is the remainder when 268 is divided by 68?
64
Calculate the remainder when 840 is divided by 483.
357
Calculate the remainder when 85 is divided by 29.
27
What is the remainder when 1937 is divided by 75?
62
Calculate the remainder when 13296 is divided by 100.
96
What is the remainder when 329 is divided by 279?
50
What is the remainder when 1030 is divided by 128?
6
Calculate the remainder when 56 is divided by 31.
25
Calculate the remainder when 134 is divided by 48.
38
What is the remainder when 1206 is divided by 8?
6
What is the remainder when 218 is divided by 58?
44
Calculate the remainder when 413 is divided by 14.
7
Calculate the remainder when 118 is divided by 11.
8
Calculate the remainder when 723 is divided by 42.
9
Calculate the remainder when 4029 is divided by 29.
27
Calculate the remainder when 33 is divided by 20.
13
Calculate the remainder when 2940 is divided by 184.
180
What is the remainder when 1472 is divided by 114?
104
Calculate the remainder when 1472 is divided by 36.
32
Calculate the remainder when 344 is divided by 115.
114
What is the remainder when 78 is divided by 4?
2
Calculate the remainder when 191 is divided by 14.
9
What is the remainder when 17 is divided by 9?
8
What is the remainder when 1474 is divided by 24?
10
What is the remainder when 6764 is divided by 450?
14
What is the remainder when 2669 is divided by 11?
7
Calculate the remainder when 145 is divided by 62.
21
What is the remainder when 383 is divided by 55?
53
Calculate the remainder when 157 is divided by 22.
3
What is the remainder when 12355 is divided by 60?
55
Calculate the remainder when 2030 is divided by 19.
16
Calculate the remainder when 89 is divided by 6.
5
Calculate the remainder when 729 is divided by 73.
72
Calculate the remainder when 1157 is divided by 13.
0
What is the remainder when 71 is divided by 52?
19
What is the remainder when 329 is divided by 69?
53
Calculate the remainder when 160 is divided by 13.
4
Calculate the remainder when 189 is divided by 43.
17
Calculate the remainder when 693 is divided by 228.
9
Calculate the remainder when 434 is divided by 19.
16
Calculate the remainder when 28 is divided by 18.
10
What is the remainder when 114 is divided by 28?
2
What is the remainder when 263 is divided by 66?
65
Calculate the remainder when 1033 is divided by 169.
19
What is the remainder when 2446 is divided by 84?
10
What is the remainder when 1592 is divided by 63?
17
What is the remainder when 148 is divided by 48?
4
Calculate the remainder when 128 is divided by 39.
11
Calculate the remainder when 1519 is divided by 192.
175
What is the remainder when 1158 is divided by 98?
80
Calculate the remainder when 74 is divided by 27.
20
Calculate the remainder when 390 is divided by 133.
124
What is the remainder when 223 is divided by 219?
4
What is the remainder when 638 is divided by 107?
103
What is the remainder when 603 is divided by 11?
9
Calculate the remainder when 1669 is divided by 62.
57
Calculate the remainder when 569 is divided by 10.
9
What is the remainder when 1403 is divided by 47?
40
What is the remainder when 196 is divided by 173?
23
What is the remainder when 108 is divided by 39?
30
Calculate the remainder when 2669 is divided by 111.
5
What is the remainder when 77 is divided by 6?
5
Calculate the remainder when 421 is divided by 191.
39
What is the remainder when 169 is divided by 85?
84
Calculate the remainder when 10547 is divided by 9.
8
Calculate the remainder when 20 is divided by 3.
2
Calculate the remainder when 137 is divided by 51.
35
Calculate the remainder when 383 is divided by 83.
51
What is the remainder when 3156 is divided by 20?
16
Calculate the remainder when 24 is divided by 5.
4
Calculate the remainder when 183 is divided by 101.
82
What is the remainder when 456 is divided by 394?
62
Calculate the remainder when 55 is divided by 13.
3
What is the remainder when 538 is divided by 44?
10
What is the remainder when 402 is divided by 46?
34
Calculate the remainder when 81 is divided by 47.
34
What is the remainder when 27 is divided by 8?
3
Calculate the remainder when 5566 is divided by 192.
190
Calculate the remainder when 52 is divided by 27.
25
What is the remainder when 149 is divided by 39?
32
What is the remainder when 383 is divided by 46?
15
What is the remainder when 2753 is divided by 27?
26
What is the remainder when 613 is divided by 568?
45
What is the remainder when 518 is divided by 40?
38
Calculate the remainder when 757 is divided by 706.
51
Calculate the remainder when 325 is divided by 30.
25
What is the remainder when 427 is divided by 80?
27
What is the remainder when 310 is divided by 39?
37
What is the remainder when 2117 is divided by 41?
26
Calculate the remainder when 2661 is divided by 205.
201
What is the remainder when 82 is divided by 10?
2
What is the remainder when 297 is divided by 60?
57
What is the remainder when 1312 is divided by 14?
10
What is the remainder when 1576 is divided by 122?
112
What is the remainder when 107 is divided by 9?
8
What is the remainder when 108 is divided by 89?
19
What is the remainder when 61 is divided by 40?
21
What is the remainder when 161 is divided by 58?
45
Calculate the remainder when 343 is divided by 111.
10
Calculate the remainder when 1240 is divided by 103.
4
What is the remainder when 50 is divided by 26?
24
Calculate the remainder when 1044 is divided by 75.
69
Calculate the remainder when 315 is divided by 8.
3
What is the remainder when 1068 is divided by 155?
138
Calculate the remainder when 96 is divided by 10.
6
Calculate the remainder when 444 is divided by 88.
4
What is the remainder when 2513 is divided by 40?
33
What is the remainder when 2966 is divided by 984?
14
Calculate the remainder when 680 is divided by 77.
64
What is the remainder when 218 is divided by 55?
53
Calculate the remainder when 157 is divided by 50.
7
Calculate the remainder when 127 is divided by 49.
29
What is the remainder when 646 is divided by 247?
152
What is the remainder when 63 is divided by 20?
3
Calculate the remainder when 20 is divided by 5.
0
Calculate the remainder when 116 is divided by 9.
8
What is the remainder when 309 is divided by 89?
42
What is the remainder when 499 is divided by 206?
87
Calculate the remainder when 5804 is divided by 88.
84
Calculate the remainder when 113 is divided by 26.
9
Calculate the remainder when 24 is divided by 18.
6
Calculate the remainder when 221 is divided by 56.
53
What is the remainder when 109 is divided by 22?
21
What is the remainder when 153 is divided by 29?
8
What is the remainder when 33 is divided by 18?
15
What is the remainder when 1294 is divided by 27?
25
What is the remainder when 287 is divided by 91?
14
Calculate the remainder when 1194 is divided by 197.
12
Calculate the remainder when 1173 is divided by 167.
4
What is the remainder when 95 is divided by 20?
15
What is the remainder when 2594 is divided by 53?
50
Calculate the remainder when 113 is divided by 56.
1
What is the remainder when 1102 is divided by 221?
218
Calculate the remainder when 652 is divided by 113.
87
Calculate the remainder when 183 is divided by 65.
53
What is the remainder when 1119 is divi